mmon divisor of p and 1?
1
Let w(a) = a**3 + 8*a**2 - 20*a + 2. Let d be w(-10). Suppose d*h - 24 = -0*h. Calculate the greatest common divisor of 18 and h.
6
Let v(f) = 17*f. Let o be v(2). Let d = o + -4. Let u be (-2 + 4 - -4)*2. What is the greatest common factor of d and u?
6
Let b = 17 - 12. Suppose -3*y = -6*y - 4*n + 15, -3*y + 42 = -b*n. What is the greatest common divisor of 72 and y?
9
Suppose -3*d + 4*y = -y - 4, -2*y = 5*d - 17. Let b = 17 - 12. Suppose m - 3*m + 17 = z, -b*z = m - 4. What is the highest common divisor of m and d?
3
Suppose -71*i - 5*f = -70*i - 44, 0 = -i + 2*f + 72. Calculate the highest common divisor of i and 304.
16
Let g = 585 - 579. Let n be (-124)/(-7) + (-6)/(-21). Calculate the highest common factor of g and n.
6
Suppose 90*h = 106*h - 672. Calculate the greatest common factor of h and 6.
6
Let p = -421 - -437. Calculate the greatest common factor of p and 2.
2
Let y(t) = 4*t**3 - 4*t**2 - t + 1. Let q be y(4). Calculate the highest common divisor of 9 and q.
9
Suppose -11*b + 368 = -248. Let c(r) = r**2 + 6*r + 7. Let v be c(-6). Calculate the greatest common factor of b and v.
7
Let y = -21 + 33. Suppose -10*j - 34 = -y*j. Let l(o) = 86*o - 1. Let a be l(1). What is the greatest common factor of a and j?
17
Suppose -a + 9 = 3*u, -5*a - 16 + 5 = u. Suppose 0 = q + 2*v - 4*v + u, -5*q = -2*v + 36. Let r = q - -20. Calculate the greatest common divisor of 84 and r.
12
Let a = 69 - -43. Let r be 14*(2 + -3 + 2). What is the highest common divisor of r and a?
14
Let d be 19/6 - (-4)/(-24). Suppose -p + d*p = -6. Let t be p/(-6) - (-70)/4. What is the greatest common divisor of t and 198?
18
Let g(s) = 8*s**2 + 2*s - 21. Let b be g(5). Calculate the highest common divisor of 54 and b.
27
Suppose x + 0 = 4. Suppose -125 + 13 = -x*d. Calculate the highest common factor of d and 7.
7
Suppose -32*n = -31*n - 14. Calculate the greatest common divisor of 434 and n.
14
Let o(t) = -4*t - 5. Let j be o(-2). Let p = j - -1. Let l be (-54)/(1 - 30/12). What is the greatest common divisor of p and l?
4
Let x(c) = -81*c - 122. Let v be x(-2). What is the highest common divisor of v and 8?
8
Let b = -837 - -892. Calculate the highest common factor of b and 4950.
55
Let y be 8/(2/10 - (-24)/80). What is the highest common factor of y and 1?
1
Let c be 42/(-189) + (-43)/9 - -275. Calculate the greatest common divisor of c and 90.
90
Let z(v) = -v**2 + 10*v + 220. Let g be z(21). Let k be 1*48*(-2)/(-4). Let w = g + k. What is the highest common divisor of w and 91?
13
Let w be (2 + -34)/(2 - (-36)/(-16)). Suppose -63*o - w = -67*o. Calculate the highest common divisor of 32 and o.
32
Let r = -300 + 1020. Calculate the highest common factor of 45 and r.
45
Suppose -4*p + 4*c = -521 + 25, 4*p + c = 481. Suppose 2*u = 2*j + 24, 19 = 5*u + 4*j - 32. What is the highest common factor of p and u?
11
Let z(o) = 26*o + 221. Let q be z(-8). Calculate the highest common divisor of 13 and q.
13
Let b = 46 - 41. Suppose 0 = 7*v - 3*v + 4*t - 148, 183 = b*v + 3*t. Calculate the highest common factor of 12 and v.
12
Suppose 20*z - 16*z = 160. Calculate the highest common divisor of 5 and z.
5
Let g = 652 - 631. Calculate the greatest common divisor of 28 and g.
7
Let c(a) = -a**3 + 3*a**2 + 2*a - 2. Let q be c(3). Suppose -q*i + 336 = -0*i. What is the highest common factor of i and 28?
28
Suppose -33*y = -14027 - 24814. What is the greatest common factor of 11 and y?
11
Let i(q) = q + 2. Let g be i(-2). Let s be g + 11/(33/60). Calculate the greatest common divisor of 10 and s.
10
Let a(v) = v**3 + 6*v**2 + 5*v. Let q be a(-4). Suppose -2*t = -0*t + 4*k - 12, -t + q = -4*k. What is the highest common divisor of t and 20?
4
Suppose 0*v + v + l = -13, 0 = -3*v - 2*l - 34. Let g be (v/10)/((-15)/75). What is the highest common factor of 2 and g?
2
Suppose -33 = -z + 5*g, 0 = 4*z - 3*g + 27 - 108. What is the highest common divisor of z and 72?
18
Let n(d) = -2*d**2 - d**2 + 1 + 6*d**2 - 4*d**2. Let b be n(1). Suppose b*u = -4*u + 360. Calculate the highest common divisor of u and 9.
9
Suppose -15*d + 214 + 491 = 0. Calculate the highest common divisor of d and 3243.
47
Suppose -243*d = -259*d + 22576. What is the highest common divisor of 17 and d?
17
Suppose -5*k + 41 = u - 15, 4*u = 2*k - 18. Suppose -1 = -3*b - 4*y + k, -4*y = -5*b + 52. Calculate the highest common factor of 20 and b.
4
Suppose 5*v + 3*p = 1 + 26, -4*p = -5*v - 1. Let m = -982 - -1058. Suppose -v*u + u = -m. Calculate the greatest common divisor of 95 and u.
19
Let w(s) = -2*s**2 + 4*s - 1 - 3*s - 4*s**3 + 5*s**3. Let g be w(2). What is the highest common factor of g and 9?
1
Let t(y) = y**3 + 8*y**2 + 4*y + 5. Let m be t(-6). Let x = -45 + m. Calculate the greatest common factor of 32 and x.
8
Let w = 549 - 519. Calculate the highest common factor of 40 and w.
10
Suppose 0 = -3*i + 2*h + 145, 2*h = 4*i - 0*h - 194. Suppose -70 + 10 = 6*n. Let f be n/(-4)*(i + -13). What is the highest common factor of f and 10?
10
Suppose -258 = -4*q - 2*r, -5*q + 70 = -3*r - 269. Calculate the highest common factor of 12 and q.
6
Let m = 129 - 89. Suppose -16 = -7*v - 107. Let r(t) = -t**3 - 12*t**2 + 13*t + 10. Let d be r(v). What is the highest common factor of m and d?
10
Let a = -1049 + 1069. Calculate the greatest common factor of a and 580.
20
Suppose -37 = -w - 8. Suppose -w + 119 = 5*g. Let q(j) = -j**2 - 8*j - 5. Let p be q(-7). What is the highest common factor of g and p?
2
Let a(n) = -n**2 + 7*n - 12. Let f be a(6). Let w = f + -14. Let x be 94/18 + w/90. What is the highest common divisor of x and 25?
5
Let t = 79 + -75. Let p be (t/(-5))/((24/30)/(-2)). Calculate the highest common factor of p and 14.
2
Let n(o) = 236*o**2 + 14*o + 3. Let w be n(-1). What is the greatest common factor of w and 9?
9
Suppose 2*w - 5*w + 117 = 0. Let g = w + -34. What is the highest common factor of g and 1?
1
Let n be 0/2*1/1. Suppose -4*f + 6 + 14 = n. What is the greatest common factor of f and 5?
5
Let h be (-2*(-1 - -2))/((-28)/6650). What is the highest common factor of h and 19?
19
Let b = 1130 - 638. What is the highest common divisor of b and 24?
12
Let j be 4/6*102/4. Let i(a) = a**3 + 6*a**2 - 9*a + 3. Let k be i(-7). What is the greatest common factor of j and k?
17
Let b(u) be the third derivative of u**5/60 - u**4/3 - 4*u**3/3 + 32*u**2. Let j be b(-4). What is the highest common factor of 20 and j?
20
Let s be (-2 + 38)/3*(-42)/(-18). Calculate the highest common divisor of 56 and s.
28
Let f be (-3)/(12/(-8)) - -138. What is the greatest common divisor of 42 and f?
14
Suppose 0 = 2*v - 11 + 3. What is the highest common factor of v and 1?
1
Let y = 41 - 57. Let j = 110 - y. Suppose 0 = -4*q + 28 + 28. Calculate the highest common divisor of j and q.
14
Let f = -15 + 15. Suppose s + 0*s = f. Suppose 3*j - 9 - 45 = s. Calculate the greatest common factor of j and 45.
9
Suppose 5*j - 7 = -0*d - d, 5*d + 23 = 4*j. Let k be (21/(-6) - d)*-42. What is the highest common factor of 63 and k?
21
Let y(f) = 2*f - 7. Let v be y(11). Calculate the greatest common divisor of 735 and v.
15
Let k = 812 + -686. Calculate the highest common divisor of 294 and k.
42
Let j(o) = -o**3 + 17*o**2 - 15*o - 7. Let n be j(16). Let k be (-12)/(-9) + 636/n. Calculate the greatest common divisor of 36 and k.
36
Suppose -b = 3*t - 359, -19*t = -14*t - 5*b - 605. Suppose -5*d + 179 = 3*k - 706, 0 = -3*d - 2*k + 530. Calculate the highest common divisor of t and d.
60
Suppose 5*d + 4*r - 126 = 0, 2*d + r - 51 = -0*d. What is the highest common divisor of 767 and d?
13
Suppose -6*f + 111 = 2*m - f, 4*m - 186 = 2*f. Let q be (22/(-8))/((-12)/m). Suppose q*b - 96 = 7*b. Calculate the greatest common divisor of 36 and b.
12
Let k be 865/(-45) - 4/(-18). Let d = k - -13. Let w = 7 + d. Calculate the greatest common divisor of 1 and w.
1
Suppose 3*g + 16 = 1, -3*t - g = -10. Let z = 1832 + -1827. Calculate the highest common factor of t and z.
5
Suppose 12 = -7*a + 47. Suppose -4*c = -a*k - 185, -2*c + 115 = c + k. What is the greatest common divisor of 5 and c?
5
Let l(b) = -b**3 - 6*b**2 - 5*b - 7. Let j be l(-4). Let z = 24 + j. Suppose 11 + 9 = z*m. Calculate the greatest common divisor of 10 and m.
2